= 2. Suppose 0*c - h*c + 16 = 0. What is the units digit of c?
8
Let q = 49 + -29. Let l = -12 + q. What is the units digit of l?
8
Let f(n) = n**3 + 11*n**2 - 8. Let c be f(-11). What is the units digit of (8 + -20)*26/c?
9
Suppose -44 = -u - 3*r, u - 6*r + r - 52 = 0. What is the units digit of u?
7
Suppose 2*g + 4 = 0, -5*r + g + 26 = -3*r. Suppose 0 = 5*l - 38 - r. What is the tens digit of l?
1
What is the units digit of (301/14)/((-1)/(-2))?
3
Let a = -17 - -20. What is the units digit of (49 - 1)*1/a?
6
Let f(m) = 27*m**2. What is the tens digit of f(1)?
2
Let g(l) = -l**3 + 7*l**2 + 8*l + 6. What is the units digit of g(8)?
6
Suppose 4*g - 18 = 5*q, 4*g - 10 = q - 0*g. Let w be 5/2*q*-1. Suppose 36 = -p + 3*p + l, 0 = -w*p - 4*l + 96. What is the units digit of p?
6
Let a(l) = -l**3 + 8*l**2 - 4*l + 11. Let b be a(8). Let c = 29 + b. What is the units digit of c?
8
Let d be (-8)/(-8) + 0 + 1. Suppose 81 = d*c + 9. What is the tens digit of c?
3
Let z = 4 + -2. Suppose 2*q = -z*o + 20, q - 5*o + 2*o - 10 = 0. What is the units digit of q?
0
Let d(k) = 2*k - 2. Let o(p) = p**3 + p**2 - 7*p + 7. Let n(w) = -7*d(w) - 2*o(w). Let c be n(-2). What is the units digit of 10/c - 2/8?
1
Suppose -4*r = -0*r - 428. What is the hundreds digit of r?
1
Suppose 9*y - 1581 - 12 = 0. What is the units digit of y?
7
Let p = 16 - 2. Suppose 3*n - 2*n - p = 0. What is the units digit of n?
4
Let f(d) = -3*d - 9. What is the units digit of f(-22)?
7
Let b(p) = -7*p + 5. What is the tens digit of b(-5)?
4
Suppose -3*w = -l - 0*l + 156, 5*l = 0. Let m = -18 - w. What is the tens digit of m?
3
Let m = -94 + 170. Suppose 3*k = 3*g + 36, -k - 2*k - 5*g + m = 0. What is the tens digit of k?
1
Let g(a) = -a**3 - 12*a**2 - a + 12. What is the units digit of g(-12)?
4
Suppose 3*n + n = 4*q + 36, n = 1. What is the units digit of 49/2 - q/(-16)?
4
Let j(t) = -t**2 + 5*t - 4. Let a be j(4). Suppose 11 = k - a. What is the tens digit of k?
1
Let d = 6 - 10. Let z = d + 10. What is the units digit of z?
6
Let t = 14 + -7. Let c be ((-2)/t)/(3/(-21)). Suppose 12 = c*m + 3*m + 2*a, 0 = 5*m + 5*a. What is the units digit of m?
4
Suppose -2*r = u - 219, -2*u + 132 = 2*r - 90. What is the tens digit of r?
0
Suppose 0 = 4*u - x - 5, 0 = -2*x + 3 + 3. Let w(k) = 5 + k**2 + k - 5*k - u + 3*k. What is the units digit of w(-3)?
5
Suppose 3*f - 5*a - 100 = -2*f, 0 = -4*a. What is the tens digit of f?
2
Let a(d) = -d**2 - 15*d - 1. What is the units digit of a(-10)?
9
Let v = -7 + 12. Suppose -2*d = -8, 34 = v*h - 4*d - 10. What is the tens digit of h?
1
Let z = 10 + 0. Suppose -m - m = -z. Suppose 3 + 0 = -m*o + 2*d, 3*o = -5*d + 23. What is the units digit of o?
1
Let l(g) = g**3 + g**2 + g + 376. What is the tens digit of l(0)?
7
Suppose -2*m + 5*f = -21 - 59, 0 = 5*m - 2*f - 200. What is the units digit of m?
0
Let i(y) = -6*y + 3*y + 2*y. Let c(h) = h - 2. Let v(u) = c(u) - 2*i(u). What is the units digit of v(2)?
4
Suppose 3*h + 20 = c, 0 = 4*c - 3*h - 86 + 6. Let f = c - 51. Let w = f - -47. What is the units digit of w?
6
What is the units digit of (-22)/(-33) + 332/6?
6
What is the tens digit of (-1)/(-3)*1224/6?
6
Suppose -4*u - 498 = -3*j - 1541, 5*u - 1296 = -4*j. What is the hundreds digit of u?
2
Suppose -2*s + 2*z = -22, -3*s + 3*z = 5*z - 18. Let h(j) = 2 + j - 2 - 1 - 4. What is the units digit of h(s)?
3
Suppose -19 - 13 = -4*d. Let p be 30/d + (-3)/(-12). Suppose -27 = -p*n + 21. What is the units digit of n?
2
Let u be 0 + (-6)/4*-2. Suppose 2*x = 3*b - 5 - u, -2*b + 14 = 3*x. Suppose 4 = v, x*a + 2*a - 5*v + 8 = 0. What is the units digit of a?
3
Suppose 15 = h - 10. What is the units digit of h?
5
Suppose 5*q - 30 = -0*q. Let j be (q/(-9))/(4/6). Let g = j - -2. What is the units digit of g?
1
Let s(d) = 2*d**2 - 3*d - 12. What is the units digit of s(8)?
2
Suppose 0 = 2*i + 2 - 6. What is the units digit of i?
2
Suppose 2*o + 0*o = 8. Suppose 0 = 2*v - a - 3, -4*a - 3 = o*v - 3*a. Suppose 0 = 5*p - 4*c - 71, -p - 2*c + 0*c + 3 = v. What is the tens digit of p?
1
Let x(q) = -q**3 - 8*q**2 - 6*q - 7. Let t be x(-6). Suppose 0 = j + 26 + 34. Let w = t - j. What is the units digit of w?
7
Let a = 3 - 4. Let b(d) = 15*d**3 + 1. Let w be b(a). What is the units digit of (4/5)/(w/(-35))?
2
Suppose 2*q + 8 = 6*q + 4*j, 0 = 3*j + 9. Suppose 2*h - n - 12 = 0, 0*n + 30 = q*h + 3*n. Suppose -d + h = -4. What is the tens digit of d?
1
Let p = 11 - 14. Let s(l) = -l**3 - l**2 + l - 4. What is the units digit of s(p)?
1
Let s be (-2 - (0 + -1))*-10. Suppose -4*v - 2 = -6. What is the units digit of (-2 + v)/((-2)/s)?
5
Suppose 0 = 8*c - 3*c. Suppose -2 = -2*q - c. What is the units digit of 9 + (1 - -1) + q?
2
Suppose -3*b = -2*b. Suppose 4*l + 3*f - 143 = b, -2*l = -2*f - 42 - 26. What is the units digit of l?
5
Suppose -52 = a - 138. What is the tens digit of a?
8
Let t(q) = -11*q**3 + q + 1. What is the tens digit of t(-1)?
1
Let c = -37 + 60. What is the tens digit of c?
2
Let a(f) = f**2 + 8*f + 1. Let z(g) = -g**2. Let x(i) = i**3 + 4*i**2 - 4*i + 6. Let m be x(-5). Let q(u) = m*a(u) + 2*z(u). What is the units digit of q(8)?
1
Let u be 2 - (-2 + (2 - -4)). Let f be (-2 - (-2 - u)) + 2. Let n(a) = -a + 4. What is the units digit of n(f)?
4
Suppose 2*f = 3*w + 2*w - 83, -33 = -2*w + f. What is the tens digit of w?
1
Suppose 3*h = h + 62. What is the units digit of h?
1
Suppose 4*t + 2*m - 116 = 4*m, 4*m = 8. What is the units digit of t?
0
Let h(f) = -41*f**3 - 2*f**2 - 5*f - 4. What is the units digit of h(-1)?
0
Let o(d) = 4*d - 39. What is the units digit of o(11)?
5
What is the tens digit of 16/(-4) - (-1 + -38)?
3
Suppose 0 = -i - 2*i - 33. Let s be 8/6*(-108)/(-8). Let g = i + s. What is the units digit of g?
7
Let f(j) = j**3 + 9*j**2 + 11*j + 6. Let x be f(-8). Let i = -8 - x. What is the units digit of i?
0
Let u(h) = h**2 + 3*h - 7. Let k(q) = q**3 - 7*q**2 + 6*q - 6. Let r be k(6). Let x be u(r). Suppose -x = 3*b - 32. What is the units digit of b?
7
Let p(c) = c**3 + 3*c**2 + 2*c - 1. Let v be p(-2). What is the units digit of (-2)/v - (0 - 7)?
9
Let w be (1/1)/((-2)/(-6)). Suppose -w*y + 19 = 1. What is the units digit of y?
6
Suppose -43 = -5*v + 37. What is the units digit of v?
6
Let l be (-30)/(-9)*(-9)/(-5). Suppose l = 2*c + c. What is the units digit of c?
2
What is the tens digit of (27/(-4))/((-24)/128)?
3
Suppose 114*l - 46 = 112*l. What is the units digit of l?
3
Let q = 7 - -35. What is the tens digit of q?
4
Suppose -14*x + 488 = -10*x. What is the hundreds digit of x?
1
Suppose -5*a + 67 = -88. What is the tens digit of a?
3
Let q(g) = 18*g + 5. What is the tens digit of q(10)?
8
Suppose -4*g + 4 = -4*k, -5*g - 5 = 5. Let j be (1 - k/(-2))*0. Suppose j = -3*c + c + 6. What is the units digit of c?
3
What is the units digit of (1026/4)/3 - (-18)/36?
6
Suppose -79 - 1 = -5*w. Let q = -11 - -21. Let r = w - q. What is the units digit of r?
6
Let y(k) = 11*k**2 - 6*k - 1. What is the units digit of y(3)?
0
Suppose -5*t + 4*t + 25 = 2*i, 5*i + t = 64. What is the units digit of i?
3
Suppose -5 = -2*y + r - 0*r, r + 5 = -5*y. Suppose j - 2 + y = 0. Let z = j + 2. What is the units digit of z?
4
Suppose 2*p + 19 = 3*r, -3*p - 11 = -4*r + 16. Suppose -s = -r*s + 110. What is the units digit of s?
5
Let k = 13 - 10. Let o be k + (0/2)/3. Suppose 0 = o*s + 9, -5*h + 0*s + s = -83. What is the tens digit of h?
1
Let h be 14/(-4)*24/(-14). Suppose 3*k - o = 69, -h*k + 2*o + 114 = -k. Suppose -5*f + f = -k. What is the units digit of f?
6
Let u(y) = -2*y - 6. Let o(s) = -1. Let j(f) = -3*o(f) + u(f). What is the units digit of j(-7)?
1
Let r = 42 + 25. What is the tens digit of r?
6
Let p(d) = -34*d + 2. Let m be 6 + -4 + (2 - 5). What is the tens digit of p(m)?
3
What is the tens digit of 8/20*(26 + -1)?
1
Let y = 0 - -5. Suppose i = -4*a - 3, y*a - i = 2 + 1. Suppose a = -3*s + 2*s + 8. What is the units digit of s?
8
Let k(z) = -z**2 - 6*z - 2. Let a be k(-5). What is the units digit of -1 + 24 - (a - 0)?
0
Suppose 0*l = -l + 5. Let u(y) = y**2 - 4*y. Let o be u(l). Suppose 0 = o*v - 70. What is the tens digit of v?
1
Let x(a) be the first derivative of a**3/3 + 4*a**2 + 6*a - 3. Let b be x(-8). Let w(f) = f**2 - 5*f + 1. What is the units digit o